me?
False
Let d = 10900 + -4075. Let z = 11734 - d. Is z composite?
False
Let v be 3 + -7 + 0 + (-5 - -4). Let h be (6/4)/(138/(-24) - v). Is (h + 0)/((-12)/13074) a composite number?
False
Let h(f) = -253*f - 2. Let g(n) be the third derivative of -n**6/120 - 3*n**5/20 + 23*n**4/24 + 4*n**3/3 + 24*n**2. Let r be g(-11). Is h(r) composite?
False
Suppose -16852*y + 1078519 = -16839*y. Is y a prime number?
True
Suppose -89*s + 29530837 = 3288386. Is s prime?
True
Let m(a) = a**3 - a**2 - 56*a - 1. Let f be m(-7). Is f/(2 + 7000/(-3496)) composite?
True
Let y(m) = -2*m**3 + 2*m**2 + 11*m - 15283. Let o(c) = -c**3 + c**2 + 4*c - 7641. Let g(x) = -5*o(x) + 2*y(x). Is g(0) prime?
True
Suppose -4*w + 8 = 24. Let a(u) = 2*u**3 - 3*u**2 - 2*u - 6. Let o be a(w). Let g = o - -647. Is g a prime number?
False
Let o(r) = -5*r**3 + 6*r**2 + 3*r + 4. Let d be o(-4). Suppose -5*l + h = -d + 85, l + 3*h - 71 = 0. Suppose 4*f + 21 = l. Is f a composite number?
False
Let g = -194 + 199. Let u(q) = 162*q**2 - 2*q + 23. Is u(g) composite?
True
Suppose -2*w + 4*s + 124046 = -70452, -4*w - 4*s + 388948 = 0. Is w a prime number?
True
Let a = -170 - -57. Let l = a - -118. Suppose l*c - 3162 - 3139 = -2*p, -p + 5039 = 4*c. Is c prime?
True
Suppose 0*u - 59*u = -2948742 - 2854321. Is u a composite number?
True
Is 13077 + (10/25)/((-2)/(-20)) a composite number?
True
Let l(r) = 293*r + 73. Let a be -18*(1 - -8*1/(-4)). Is l(a) composite?
False
Suppose 10 = -5*j + 55. Suppose 6*b = j*b. Suppose b = -4*a + 10*a - 3894. Is a a prime number?
False
Let g be (-80 - -67) + 1*-4. Let r be 629 - 2/(3 - 5). Let a = r - g. Is a prime?
True
Suppose 5*t - 9*t = -33932. Suppose 5*k = -23*f + 27*f - 11299, t = 3*f - 2*k. Is f composite?
True
Suppose 3*q - 2235226 = -5*z, -3*q - z + 779717 = -1455489. Is q prime?
True
Let r(v) = -v**3 - v**2 + v - 1. Let a(y) = 2*y**3 + 9*y**2 - 7*y. Let m(d) = a(d) + 3*r(d). Let f be m(5). Suppose 42 - 616 = -f*q. Is q prime?
False
Let v = 13447 - 2885. Suppose 0 = 3*x - v - 934. Suppose -x = r - 9*r. Is r a prime number?
True
Let h = 1075 - -2602. Suppose 4*j - 3607 - h = 0. Is j prime?
False
Let n(j) = j**3 - 17*j**2 + 2*j - 28. Let k be n(7). Let y = k - -1465. Is y prime?
False
Let j be (23 - 21)*(-3)/(-3). Suppose -j*o = 5*h - 60297, 4*h + 90437 = 3*o + 3*h. Is o prime?
False
Let p(g) = 27*g + 68. Let z be 13 + -15 + 48/3. Is p(z) composite?
True
Let o be 1131/234 + (-2)/(-12)*1. Suppose 0 = o*n - 2*z - 3385, 6*z - 2731 = -4*n + 3*z. Is n prime?
False
Suppose -316722991 = -87*w - 446*w. Is w a prime number?
True
Let x = -20157 + 19. Let t = x + 44797. Is t composite?
False
Let x be 3 - (3 + -5 + 1). Suppose x*b + n - 25513 = 0, -3*b - 2*n = -854 - 18277. Suppose 4*v - 6433 = b. Is v prime?
True
Let g(k) = 3*k**3 - 18*k**2 + 8*k + 8. Let t be (-14)/3*(396/(-24))/11. Is g(t) a composite number?
False
Suppose 6*t = 10*t - 5*p - 8347, 3*t - 6299 = -4*p. Suppose 4*c + 541 = 2*y - t, c = 4*y - 5275. Is y a composite number?
False
Suppose 10 = -2*p, 2*u - 41 = -u + 4*p. Suppose 2*g - 8169 = i, -11*g + u*g - 3*i + 16323 = 0. Is g composite?
True
Let g = 10 - -16. Let o = g - 22. Suppose -2*f = -r + 265, -o*f + 0*f = 4. Is r a prime number?
True
Is ((-5)/(-40) - (-6)/16)*248854 a prime number?
True
Suppose q + 4*t + 234215 = 6*q, 0 = -2*q + 5*t + 93686. Is q a prime number?
False
Let w be 4/3*10089/6. Suppose 0 = -4*s + 2*s + 2926. Let n = w - s. Is n composite?
True
Let f = -12895 - -40953. Is f prime?
False
Suppose -4*l = p - 573, -4*l - 4*p + p + 575 = 0. Is l + 6/(2/(-3 + 4)) prime?
False
Suppose -111*q + 1007064 + 3092424 = 1260441. Is q a prime number?
True
Let a(h) = 1639*h**2 + h + 2. Let f be a(4). Let m be (0/11)/(1/1). Suppose m = 3*d - 13*d + f. Is d prime?
False
Suppose 2145 = -5*d - 5*m, -5*d + m - 3024 + 849 = 0. Let u = d - -2905. Is u a prime number?
False
Suppose -1813*u - 1094198 = -1827*u. Is u composite?
False
Let y(r) = 9*r + 4*r**2 - r**3 + 7 - r**2 - 10*r**2. Let a be y(-8). Let o(k) = 1213*k**2 + 3*k + 3. Is o(a) composite?
False
Suppose -3*p - 16 = -7*p. Suppose -8248 = -4*y + 4*o - 6*o, 0 = y - p*o - 2071. Is y prime?
True
Is 17939*(2024/414 - (30/(-27) + 1)) a composite number?
True
Let a = -23 + 24. Is (0/5 - -1339) + -3 + a prime?
False
Let d = 296 + -296. Let s = 502 + -212. Suppose -c - 73 + s = d. Is c composite?
True
Let f be (0 + -1)*((-32 - 9) + -4). Suppose 33*r + 64572 = f*r. Is r composite?
False
Suppose -11359 = -j - x + 2*x, 4*j - 45468 = -4*x. Suppose 52414 = 7*k - j. Is k a composite number?
True
Let c be 2/(-2)*5/(-10)*4. Suppose 0 = 4*m - m. Suppose 466 = -m*p + c*p. Is p composite?
False
Let y(v) = 185*v**3 + 5*v**2 - 12. Let b be y(3). Let r = 7487 - b. Is r a prime number?
True
Suppose 0 = 2*m - 3*m - 7. Let c be (-6)/m*(182/4)/13. Suppose 8*u - c*u - 9725 = 0. Is u a composite number?
True
Let a = -36 - -38. Suppose 4*l = -2*b - 12, -2 = 2*l - 14*b + 16*b. Is (9890/(-25))/(a/l) a prime number?
False
Is (-3171829)/(-8) - 1416/(-3776) a prime number?
True
Suppose 210073 = 3*f - 4*z, 2*f - 715 = -2*z + 139357. Is f prime?
False
Let u(v) = -v**3 - 37*v**2 - 40*v + 499. Is u(-37) a composite number?
False
Is 177677/3 + 72/54 prime?
False
Let i(p) = p**2 - p - 29. Let w be i(6). Is w + (7 + 1109)*1 prime?
True
Let u(g) = 28514*g**2 + 156*g + 155. Is u(-1) prime?
True
Suppose -3*a + 48 = 5*x - x, 5*x + 3*a = 57. Suppose -3*l - x = 3*y, 2*y - 4*l = 8 + 16. Suppose y*w = k - 4*k + 643, 3*w = 4*k + 939. Is w composite?
False
Let j be -6*(3 + 20/(-12)). Let r = -6 - j. Suppose q + 2398 = 3*q + r*l, 4*q + 2*l - 4788 = 0. Is q composite?
True
Suppose -202226 - 93280 = -9*p. Is p prime?
False
Let p be 10/(-15) - 17/(-3). Let x = -226 - -350. Suppose -569 + 4 = -p*w - 4*u, w = -3*u + x. Is w a prime number?
True
Let w = 559 + -534. Is 26/5 - 5/w - -3024 prime?
False
Suppose 12*i - 3*p + 40142 = 16*i, -2*i + 20070 = 2*p. Is i composite?
False
Suppose 4*v + 202 = -74. Let w = 51 + v. Is ((-1845)/w)/((-2)/(-4)) prime?
False
Let q be (-108)/(-18) - (-3 - -3). Is (-134596)/(-36) + q/27 composite?
False
Is (621791/(-6))/((-1)/8 + (-88)/2112) a composite number?
True
Let a = 132 - 130. Suppose 4*f - 1187 - 417 = -a*j, 3*j + 12 = 0. Is f a composite number?
True
Suppose -91*b - 21 = -84*b, 3*x - 517782 = -3*b. Is x a prime number?
True
Let r(j) = 90*j + 249. Let m(x) = 30*x + 83. Let h(o) = -8*m(o) + 3*r(o). Is h(7) a composite number?
False
Suppose 15*c - 4854568 - 5540928 = 7*c. Is c a prime number?
True
Is (-7 + 20/3)*(1 + -1939192) a composite number?
False
Suppose d - 4*z + 9 = 0, 0 = -5*d + z + 6 + 6. Suppose -872 = -d*j - 4*k + 1881, -4*j + 4*k + 3680 = 0. Is j a prime number?
True
Let q(d) = 514876*d**2 + 492*d - 491. Is q(1) prime?
False
Let l(q) = -q**3 + 2*q**2 - 9*q + 199003. Is l(0) prime?
False
Suppose 15*i + 2*k - 90 = 11*i, 4*i = -5*k + 99. Suppose -i*u + 23*u = 8962. Is u a composite number?
False
Suppose 12 = 5*z - x, -2*x - 5 = -1. Let v(c) = -2*c**3 + 2*c**2 + 2*c - 2. Let w be v(z). Is (-4670)/(-8) - w/(-8) a prime number?
False
Suppose 56*h = -138*h + 60*h + 12914518. Is h composite?
False
Suppose 0 = -11*c + 5 + 50. Is 2084/2 + 4*c/(-20) prime?
False
Let r(z) be the first derivative of 43*z**3/3 + z**2 + 31. Let v be 2/(-3)*-6 - (-14)/(-14). Is r(v) prime?
False
Let g = 66769 - -3010. Is g composite?
False
Let v(u) = 8*u**3 + u**2 + 2*u + 6. Let i be v(6). Suppose 2*k = i + 7364. Suppose 5*g - 3*l - k = g, -4*g - 2*l + 4558 = 0. Is g a composite number?
True
Suppose -15 + 0 = -3*m. Let u(z) = 55*z + 18. Is u(m) composite?
False
Is (-2292915)/(-186)*(-2 - (-8)/2 - 0) prime?
False
Suppose -25*o + 1027554 + 1844371 = 0. Is o a prime number?
False
Let b(v) = v + 6. Let i be b(10). Suppose i*f + f - 33133 = 0. Is f composite?
False
Suppose -129*a + 4996267 - 31565 = -1643839. Is a a prime number?
True
Let j(a) = -4*a**2 - 10*a + 13. Let n = -2 + -4. Let l(y) = 3*y**2 + 11*y - 13. Let p(w) = n*l(w) - 7*j(w). Is p(-7) a composite number?
False
Let c be ((-17)/(-5) - 1)*5. Let t be (-90)/(-14) + -11 + 810/70. Let z = c + t. Is z prime?
True
Is 3 + -3 + (40/16 - 75138/(-4)) prime?
True
Let o = -7661 + 20075. Let c = o + -4625. Is c composite?
False
Is (-23915)/(-2 - 11/2 - -5) a prime number?
False
Is (15/(-30))